at is the remainder when 19 is divided by x(p)?
5
What is the remainder when (-13)/(-2)*(153 - 109) is divided by 35?
6
Let m be (52/20 - 1)*5. Let v = -22 - -35. Suppose 4*o = -m, 0 = k - 4*o + 3*o - v. Calculate the remainder when 53 is divided by k.
9
Suppose -7*b - 1406 = -81*b. Calculate the remainder when 91 is divided by b.
15
Let w(p) = -5 - 3*p**2 - 8*p**2 + 4*p + 8*p**2 + 9*p**3. Calculate the remainder when w(2) is divided by 32.
31
What is the remainder when (-7 + (-29)/(-5))*110/(-4) is divided by 7?
5
Let o(v) = 3*v**2 + 2*v. Suppose 21 + 1 = 3*d + t, -3*t - 4 = -d. Calculate the remainder when o(-4) is divided by (7/d)/((-1)/(-21)).
19
Suppose 20 = -5*b, -3*b = 4*n - 0*b + 456. Let x = 40 + -10. Calculate the remainder when x is divided by n/(-15) - (-9)/15.
6
Let i(x) = 2*x + 5. Let s be i(-10). Calculate the remainder when 18 is divided by s/2*8/(-12).
3
Calculate the remainder when 39 is divided by (520/120)/((-2)/(-12)).
13
Calculate the remainder when 240 is divided by -2 + (407/(-4))/11*-4.
30
Let b(h) = -h**2 + 9*h - 7. Let n be b(7). Let j = 0 + n. Suppose 0*k - 2*k + 2*o + 38 = 0, 2*o = -5*k + 88. What is the remainder when k is divided by j?
4
What is the remainder when ((-18)/(-21))/(6/1274) is divided by 73?
36
Suppose 4*g - 127 = -3*b, -b + 46 = 18*g - 13*g. Calculate the remainder when b is divided by 15.
11
Suppose -3*m + 183 = -5*i, 22 + 40 = m - 2*i. Suppose 3*c = -4*l + 56, 3*c - 2*l - 16 = 2*l. Calculate the remainder when m is divided by c.
8
Suppose -2*j + 44 = 2*q, 4*j + 53 - 166 = -5*q. What is the remainder when 96 is divided by q?
21
Let v(o) = o**3 - 5*o**2 - o + 5. Let i be v(5). Suppose j - 3*t - 62 = i, -36 = j - 2*t - 97. Let x = 14 + 2. Calculate the remainder when j is divided by x.
11
Suppose 0 = -261*m + 260*m + 4*l + 1055, 3*m = 4*l + 3205. What is the remainder when m is divided by 30?
25
Let l = -14 + 18. Suppose 12 = l*m - 32. What is the remainder when 40 is divided by m?
7
Suppose 47 + 12 = w. Let t = 61 - 41. What is the remainder when w is divided by t?
19
Let z(i) = -i**2 + 10*i + 3. Suppose d + 39 = 43. What is the remainder when z(8) is divided by d?
3
Let j = -82 - -88. What is the remainder when 33 is divided by (j/10)/(4/80)?
9
Let t be 154/8 + (-5)/20. Let a be 8 - -1*(3 + -2). Let f = t - a. Calculate the remainder when 19 is divided by f.
9
Let a = 36 - 30. Calculate the remainder when 370 is divided by a.
4
Suppose 218 = -5*t - 77. Let l(q) = 11*q**2 + 3. Let b be l(-3). Let s = t + b. Calculate the remainder when s is divided by 15.
13
Let o = 57 + -17. Calculate the remainder when 78 is divided by o.
38
Suppose 5*d = -6*d + 1155. Suppose -100*s = -d*s + 585. Calculate the remainder when s is divided by 17.
15
Suppose 10 = -u + 3*u. Let j(b) = -b**3 - 45*b**2 - 47*b - 127. Calculate the remainder when u is divided by j(-44).
0
Let g(x) = -x**3 + 8*x**2 - 11*x - 2. Let h be g(6). Suppose -h*y = 5*w - 9, 3*y + 5*w + 0 - 3 = 0. Calculate the remainder when 17 is divided by y.
5
Let q(u) = -u + 32. Calculate the remainder when 101 is divided by q(6).
23
Calculate the remainder when -7 + (-7 - (-146 - -3)) is divided by 8.
1
Let v be 21 - (-3 + 1 + 1). Suppose 5*o - 4*o = v. Let w = 37 - o. What is the remainder when w is divided by 4?
3
Suppose 12*w - 70 = -2*u + 16*w, -4*w = -4*u + 144. What is the remainder when 73 is divided by u?
36
Suppose 5*y = 11*y + 42. Let d(w) = -2*w**2 - 12*w + 20. Calculate the remainder when d(y) is divided by 6.
0
Let d = 176 - 173. Calculate the remainder when 8 is divided by d.
2
Calculate the remainder when 165 is divided by -4 + -6 + (-56)/(-4) + 17.
18
Let j = 18253 + -18214. Let u(g) be the first derivative of 3*g**2/2 - 4*g - 1. Calculate the remainder when j is divided by u(6).
11
Let f be 1/(6/4 + -2). Let c = f + 6. Let r = 6 + c. Calculate the remainder when r is divided by 4.
2
Let o be (945/(-70))/(3/4). Let h = -11 - o. Calculate the remainder when h is divided by 3.
1
Let m(r) = -r**3 + 2*r**2 + 18*r. What is the remainder when 176 is divided by m(5)?
11
Let h be 1/4 - (-7)/(28/11). Suppose 5*l - 38 = h*l. Calculate the remainder when 75 is divided by l.
18
Calculate the remainder when 65 is divided by 572/18 - (-14)/63.
1
Let o = 22 + -22. Suppose -4*b = 0, o = 2*g - 4*g + 4*b + 18. Calculate the remainder when 24 is divided by g.
6
Suppose q = 8 + 3. Let f = q - 2. Calculate the remainder when (2 + -3)/((-2)/50) is divided by f.
7
Suppose -5*w + 640 = 2*g, 2*g - 384 = -24*w + 21*w. Suppose -5*o = -2*f + 106, -5*f - 5*o = -6 - 189. What is the remainder when w is divided by f?
42
Suppose -5*f = 4*d - 75, 6*d - 4*d - 2*f - 42 = 0. Let g = 1955 + -1923. Calculate the remainder when g is divided by d.
12
Suppose -3*g + 4*g - 14 = 0. Suppose -15*r = -g*r - 5. Calculate the remainder when 8 is divided by r.
3
Let l(k) = -k**3 + 4*k**2 + 2*k. Let n be l(5). Let f = n - -22. Let x(q) = q**3 + 4*q**2 - 7*q - 6. What is the remainder when f is divided by x(-5)?
3
Let v(f) = -f + 41. Let l be v(-14). Suppose l = 37*b - 32*b. Calculate the remainder when 15 is divided by b.
4
Let p(k) = 842*k + 5924. Let h = -10 - -23. What is the remainder when p(-7) is divided by h?
4
Let h = 540 - 265. What is the remainder when h is divided by 69?
68
Let p = 16 + -19. Let o be 1 - ((-366)/p)/(-1). Let y = o - 78. Calculate the remainder when y is divided by 16.
13
Let o(d) = -2*d**2 - 28*d + 13. Let m be o(-14). Suppose x - 140 = -m*x. Let p(b) = b + 2. What is the remainder when x is divided by p(5)?
3
Calculate the remainder when 110 is divided by (20/(-25))/((-596)/(-120) - 5).
14
Suppose 0 = -0*p + 13*p - 221. What is the remainder when 133 is divided by p?
14
What is the remainder when -2*3 + 3/((-9)/(-2661)) is divided by 17?
14
Suppose -3*r - 2*s + 185 = -76, 4*r - 5*s - 325 = 0. What is the remainder when 91 is divided by r?
6
Suppose 3*p + 5*r = 236 - 85, -8 = -4*r. Suppose 5*h = -3*o + 945, 5*h - 796 = 3*o + 119. What is the remainder when h is divided by p?
45
Let g = -22 - -37. Let m(j) = -j**2 - 37*j + 106. What is the remainder when m(-39) is divided by g?
13
Let q(c) = c**2 + 14*c + 9. What is the remainder when 524 is divided by q(-15)?
20
Suppose 4 = -q - 6. Let k be 5*(-3)/(45/(-42)). Let w = k + q. What is the remainder when w is divided by 3?
1
Let z be (-1)/(-4) - (-315)/(-12). Let c = z - -68. Calculate the remainder when 165 is divided by c.
39
Let u be 42/147 + -1*3246/(-7). Suppose f - 9*f + u = 0. What is the remainder when f is divided by 15*(2 + (2 - 3))?
13
Let d(x) = x**3 - 14*x**2 + 20*x + 78. Calculate the remainder when 31 is divided by d(12).
1
Let r(p) = p + 30. What is the remainder when (69 - 11)*5/2 is divided by r(7)?
34
Let r = 304 + -133. What is the remainder when r is divided by 88?
83
Let p = 630 - 528. What is the remainder when p is divided by 11?
3
Suppose l - 2*x - 11 = 0, 5*l + 6*x = 9*x + 55. Calculate the remainder when 28 + (2 + -4)*-1 is divided by l.
8
Suppose 2 = -5*b + x, -3*b + 4*b - 8 = 3*x. What is the remainder when 70/30*(5*1 - b) is divided by 8?
6
Let w be 7 + (-5)/(-10)*-4. Suppose -4*z - 6*d + 279 = -d, 357 = w*z - 2*d. Suppose -z - 21 = -2*c. Calculate the remainder when c is divided by 24.
22
Let a be 6 + (-4 - (-6 - -2)). Suppose 4*u - a = 2. Calculate the remainder when (u - 12/8)*106 is divided by 18.
17
Let r(p) = -8*p - 118. Calculate the remainder when 89 is divided by r(-17).
17
Suppose -h + 3*h - 8 = 0. Suppose 93 = h*d - 179. What is the remainder when d is divided by 14?
12
Let s = -29 + 17. Let t = s + 32. Let h = t - 9. Calculate the remainder when 43 is divided by h.
10
Suppose -3*w + 21 = -2*m - 76, -4*w + 136 = -4*m. Let h(s) = -s**3 + 2*s + 115. Let r = -32 - -32. What is the remainder when h(r) is divided by w?
28
Let h(o) = -o**2 + 32. Let p be h(0). Suppose 2*q + 2*v - p = 2, 5*q - 101 = -v. Let m(n) = -16*n - 159. What is the remainder when m(-15) is divided by q?
18
Suppose 5*d + r = 224, 214 = 3*d + 5*r + 84. Let p = 62 - d. What is the remainder when 46 is divided by p?
12
Let w = 262 - 249. Suppose u + 98 = 2*l, u - 32 - 66 = -2*l. What is the remainder when l is divided by w?
10
Let w(o) = o**3 - 5*o**2 + 2*o + 5. Let v be w(5). Suppose p + 3*p - v = u, 0 = -u - 